
Let y be (-32)/80 - 113/5. Let f = y - -25. Suppose 4*j - 174 = -f*k, -5*k + 2*k - 54 = -j. What is the units digit of j?
5
Suppose 0 = -7*o + 3011 + 12389. What is the tens digit of o?
0
What is the thousands digit of -3 + (85*-2)/(14/(-791))?
9
Let z(c) = -20*c**3 - 6*c**2 + 12*c + 58. What is the hundreds digit of z(-6)?
0
Suppose 2*d - 6 = -0*d. Let g be 6 + 4/(-12)*d. Suppose p + 8 = g*p, 3*w = -5*p + 64. What is the units digit of w?
8
Let y(b) = 19*b**2 - 17*b - 84. What is the hundreds digit of y(9)?
3
Let s be 2 + 7/(-3) + (-2)/(-6). Let r = s + 2. What is the tens digit of (18/r)/((-3)/(-9))?
2
Suppose 113*m = 5*k + 114*m - 38146, -m + 15259 = 2*k. What is the hundreds digit of k?
6
Let u be -2 - (10420/2)/(-1). Suppose -c + 0*c = 0, -3*s = -c + u. What is the units digit of s/(-10) - 10/(-25)?
4
Suppose 15*q - 13*q - 5*i - 13922 = 0, -3*q - 5*i + 20908 = 0. What is the units digit of q?
6
What is the thousands digit of (28/(-21)*6 - -7)*-4745?
4
Suppose -41934 = 14*r - 16*r + 5*i, 8*r - 167604 = -2*i. What is the hundreds digit of r?
9
Let d(s) be the first derivative of s**4/4 + 31*s**3/3 + 5*s**2 + 75*s + 41. What is the hundreds digit of d(-30)?
6
Let k = -125 - -120. Let v(n) = -3*n**3 - 10*n**2 - 3*n - 8. What is the tens digit of v(k)?
3
Let r(y) = -y**2 - 3*y - 3. Let m be r(-8). What is the tens digit of 873*(5 + m/9)?
9
Suppose -67 = -8*v - 19. Let z(o) = 112*o + 62. What is the units digit of z(v)?
4
Let w(f) = -2*f + 8. Let t be w(-1). Let z(g) = 0 - t - 2 + 58*g. What is the tens digit of z(3)?
6
Let a(s) = 20*s**3 - 13*s**2 + 2*s - 36. What is the units digit of a(14)?
4
Suppose -52*x - 10508005 = -218*x + 2035453. What is the units digit of x?
3
Let a = -2967 + 6251. Suppose 0 = 4*v - 16, -3*u - u + a = -5*v. What is the tens digit of u?
2
What is the thousands digit of ((-108)/378 - 66/14) + 2535?
2
Suppose 4*s - 171027 = -3*z, -263*z + 265*z + 85524 = 2*s. What is the ten thousands digit of s?
4
Let d(s) be the second derivative of -s**5/20 + 23*s**4/12 - 11*s**3/6 - 25*s**2/2 - 2*s + 41. What is the tens digit of d(19)?
1
Let b(s) = 87*s + 324. Let o = 442 + -429. What is the hundreds digit of b(o)?
4
What is the thousands digit of -5*14/(-70)*19657?
9
Let z(m) = 14*m**2 - 34*m + 123. Suppose 23 - 51 = -4*a. What is the units digit of z(a)?
1
Let r be (-2)/12 - 4243*(-4)/24. Suppose 5*b + 20 = 0, 4*t - 5*t + r = b. What is the hundreds digit of t?
7
Let s = -145 - -150. Suppose 35 = 2*a + s*i, 4*a + i = 2*i + 15. What is the units digit of (255/(-2))/(a + (-22)/4)?
5
Let f be 15/25*(-1 + 6). Suppose 2*a - f*s + 0*s - 321 = 0, 640 = 4*a - 4*s. What is the hundreds digit of a?
1
Suppose 16 = -3*b + 2*u, 2*b + 2*b - 3*u = -22. Let a be ((-2)/b)/(7/42). Suppose 4*s + 284 = a*v, 0*v = -2*v + s + 181. What is the tens digit of v?
8
Suppose 142645 = 39*d + 8*d. What is the tens digit of d?
3
Suppose 101 = w - 2*t + 19, 0 = w + 3*t - 97. Let k = w + -237. Let f = k - -247. What is the units digit of f?
8
What is the ten thousands digit of (304/32*-176)/((52/120)/(-13))?
5
Let y be ((146/3)/(-2))/((-76)/456). Suppose 4*z + y = b + b, -271 = -4*b + z. What is the units digit of b?
7
Let j(v) = 23*v**2 - 16*v + 17. Let n be j(10). Suppose 0 = 4*t - d - n, t + t + 5*d = 1095. Suppose -5*z + t = -2*z. What is the units digit of z?
0
Let s(a) = a**3 + 5*a**2 + 5*a + 3. Let t be s(-3). What is the units digit of (t + (-72)/30)/(6/105)?
3
Let s(w) = 190*w - 69. Let q be s(7). Let p = q - 560. What is the units digit of p?
1
Suppose 4*s + 0*s = -4*f + 7340, -f + 1815 = 5*s. Suppose 8 = 2*n, -5*n + f = -4*c - 10*n. What is the hundreds digit of (-59117)/c - ((-56)/30 - -2)?
1
Let r(c) = 1558*c**2 + 270*c - 1103. What is the tens digit of r(4)?
0
Let j(q) = -401*q + 83. Let p(s) = -80*s + 17. Let g(b) = -2*j(b) + 11*p(b). What is the units digit of g(-2)?
7
Let q be (294/490)/(-1 + (-6)/(-5)). Suppose 2*z + q*x - 2524 = 0, 7*x - 3816 = -3*z + 10*x. What is the hundreds digit of z?
2
Suppose 0 = 8*a - 2*m - 22714, -16*a + 15*a + 2*m + 2834 = 0. What is the thousands digit of a?
2
Let c = 177131 - 89741. What is the ten thousands digit of c?
8
Suppose -20*r + 21*r = 25. Suppose -1455 = -4*i + r. What is the tens digit of i?
7
Suppose 3*x + 18 = -5*h, 6*x - 16 = 7*x + 5*h. Let n be (-4)/(-10) + (-39)/(-15). What is the tens digit of 23/(0 + n + -1 + x)?
2
Let u = 28588 + -11424. What is the tens digit of u?
6
Let l be (-10)/(-40) + (-3)/12. Suppose 12*d + 3801 = 15*d + 3*i, -4*i - 8 = l. What is the thousands digit of d?
1
Let r(n) = 38*n**2 - 56*n + 238. What is the hundreds digit of r(5)?
9
Let m be (-1 - -2437)/((-84)/18 + 5). What is the units digit of ((-1)/3)/((-12)/m)?
3
Suppose 3*c = 69 - 144. Let v(u) = u**2 + 26*u + 27. Let m be v(c). Suppose -m*d - 1 - 10 = -3*w, 4*d = 3*w - 7. What is the units digit of d?
2
Let a(m) = -4*m**3 + 174*m**2 + 16*m - 193. What is the units digit of a(43)?
3
Let d = -525 - -274. Suppose -58*g + 23436 = 5*g. Let z = d + g. What is the hundreds digit of z?
1
Suppose 2937*c + 550326 = 2958*c. What is the ten thousands digit of c?
2
What is the units digit of ((-5)/(-30) - (7 + (-100)/24))*-1020?
0
What is the units digit of (-15 - 0)*(4970/(-30) + -26)?
5
Let w(o) = -o**3 + 35*o**2 - 114*o - 38. What is the tens digit of w(20)?
8
Suppose 4*j = -3*o + 300, 2*o + 400 = 6*o + 3*j. Let v = -97 + o. Suppose v*n - 6*n - 2*r = -483, n + 2*r = 161. What is the hundreds digit of n?
1
Let t(h) = 22*h + 29. Let f be t(10). Suppose -2*w = -p - 3*w + 63, 4*p = -3*w + f. Let m = 76 - p. What is the units digit of m?
6
Let f = -468 + 471. Suppose 5*l = 5*a - 680, 0 = -6*a + f*a - 5*l + 424. What is the units digit of a?
8
Let s = 345 - 316. Suppose s*t - 6919 = 12*t. What is the hundreds digit of t?
4
Suppose -7*j + j + 2*j = 0. Let m(z) = 2*z - 27. Let o be m(20). Suppose c - o = -5*r, 4*r + j = -20. What is the units digit of c?
8
Let p = -459 - -6734. What is the hundreds digit of p?
2
Suppose 2*u = 2*p + 3 - 21, -5*p = 0. Let c(a) = -124*a - 205. What is the hundreds digit of c(u)?
9
Suppose 3*l = -k + 7210, -4*k = -9*k + l + 35986. What is the units digit of k?
8
Let n(b) = -18*b**3 - 24*b**2 + 224*b**3 + 1 + 26*b**2 - b + 46*b**3. What is the hundreds digit of n(1)?
2
Let u = -3024 + 4713. What is the hundreds digit of u?
6
Let v be (-1099)/(-2) + 4 - 6/(-12). Suppose y = 3*f - 2755, v = 3*f + 5*y - 2231. What is the hundreds digit of f?
9
Suppose 16*z - 162 = 15710. Let u = z - 484. Let d = -317 + u. What is the tens digit of d?
9
Let u be (-6 - -3)*(8 - 7). Let o(z) = -21*z + 2. What is the units digit of o(u)?
5
Let q(i) = 3*i**2 - 15*i - 26. Let w be q(-6). Suppose 0 = 4*o - 8*o + w. What is the units digit of o?
3
Let f(q) = q + 8. Let z be f(7). Suppose -3*a = z, -5*y - a + 5*a = -520. Suppose 2*g - y = 160. What is the hundreds digit of g?
1
Suppose 3*c + 90 = -4*o, o = 4*c + 4 - 17. What is the units digit of (1106/o)/(4/3 + -2)?
9
Let o = 3090 - 1456. Suppose -4*w + 12*n + 1324 = 7*n, n + o = 5*w. What is the hundreds digit of w?
3
Let k(u) = -96*u**2 + 2*u. Let y be k(3). What is the units digit of 18/(-12)*y/9?
3
Suppose 96*k = 98*k - 6. Suppose 3*y = -15, k*y - 957 = -2*s + 4*y. What is the units digit of s?
6
Suppose -67 = 2*s + 19. Let y = 43 + s. Suppose -5*j + 2*b = -132, y = 2*j + j - 2*b - 80. What is the units digit of j?
6
What is the ten thousands digit of (-228)/(-418) - 9075703/(-143)?
6
Let t(j) = 50*j**2 + 5*j + 28. Let q be t(-5). Let k = q + -699. What is the tens digit of k?
5
Let p(y) = -y**2 - 13*y + 12. Let m be p(-7). Suppose -3*l - h + m = 0, -l + 2*h + 6 = -12. What is the hundreds digit of 6/((-159)/(-594) - 4/l)?
1
Let s(d) = 33*d**2 - d. Let k = -35 - -37. Suppose -k*u - 2 + 4 = 0. What is the units digit of s(u)?
2
Suppose 5*g - g = 20, g + 25495 = 3*y. What is the hundreds digit of y?
5
Suppose -43*i + 17185 = -65504. What is the thousands digit of i?
1
Let d(s) = 69*s - 207. Let u be d(19). Suppose -2*w - u = -6*w - 5*i, -3*i - 1104 = -4*w. What is the units digit of w?
6
Let k(v) = v**2 + 8*v + 27. Let l be k(-6). Suppose -l*d + 1445 - 18605 = 0. What is the hundreds digit of (6/(-4)*-1)/((-13)/d)?
1
What is the units digit of (-575239)/(-148) - 6/8?
6
Let l(p) =